{"id":250,"date":"2018-02-28T20:49:16","date_gmt":"2018-02-28T19:49:16","guid":{"rendered":"http:\/\/dniotwarte.uwb.edu.pl\/?page_id=250"},"modified":"2025-03-12T12:21:39","modified_gmt":"2025-03-12T11:21:39","slug":"wydzial-fizyki-wyklady-2-2-2-3","status":"publish","type":"page","link":"http:\/\/dniotwarte.uwb.edu.pl\/?page_id=250","title":{"rendered":"Wydzia\u0142 Matematyki"},"content":{"rendered":"<p>&nbsp;<\/p>\n<p>Regulamin pokaz\u00f3w i warsztat\u00f3w organizowanych na Wydziale Matematyki: <a href=\"http:\/\/dniotwarte.uwb.edu.pl\/wp-content\/uploads\/2025\/03\/RegulaminWM.pdf\">plik PDF<\/a><\/p>\n<p style=\"text-align: center;\"><strong>Wyk\u0142ad&nbsp;<\/strong><\/p>\n<p><strong>Temat:<\/strong> O pewnych zastosowaniach algebry i informatyki w rozwi\u0105zywaniu nietrywialnych problem\u00f3w<strong><br \/>\nProwadz\u0105cy:<\/strong> dr hab. Ryszard R. Andruszkiewicz, prof. UwB.<br \/>\n<strong>Termin: <\/strong>czwartek 13 marca 2025&nbsp;<br \/>\n<strong>Godzina:<\/strong> 10:30-11:15<br \/>\n<strong>Czas trwania: <\/strong>45 minut<br \/>\n<strong>Miejsce wydarzenia:<\/strong> Wydzia\u0142 Matematyki sala 1056<br \/>\n<strong>Limit miejsc: <\/strong>250<\/p>\n<p>Wyk\u0142ad sk\u0142ada si\u0119 z trzech cz\u0119\u015bci:<br \/>\n1. Permutacje i gra Pi\u0119tnastka.<br \/>\n2. O liczbach, kt\u00f3re dopisane do siebie s\u0105&nbsp;kwadratem.<br \/>\n3. Sko\u0144czone ci\u0105gi arytmetyczne liczb pierwszych.<\/p>\n<p>Ad 1. (a) Samuel Loyd i gra Pi\u0119tnastka.<br \/>\n(b) Szkolna definicja permutacji, permutacje jako funkcje.<br \/>\n(c) Rozkladanie permutacji na cykle roz\u0142\u0105czne i na transpozycje.<br \/>\n(d) Rozwi\u0105zanie \u0142amig\u0142\u00f3wki Loyda przy pomocy wlasno\u015bci permutacji.<br \/>\nAd 2. (a) Tw. Je\u017celi liczba naturalna c1c2 . . . cnc1c2 . . . cn jest kwadratem liczby naturalnej, to liczba<br \/>\n10n + 1 jest podzielna przez kwadrat liczby pierwszej.<br \/>\n(b) Poszukiwanie przy pomocy program\u00b4ow informatycznych najmniejszej liczby naturalnej n, dla kt\u00b4orej<br \/>\nliczba 10n + 1 jest podzielna przez kwadrat liczby pierwszej.<br \/>\n(c) Najmniejsza liczba naturalna, kt\u00f3ra dopisana do siebie z lewej strony jest kwadratem liczby natu-<br \/>\nralnej.<br \/>\nAd 3. (a) Informacja o twierdzeniu Green\u2019a-Tao.<br \/>\n(b) Informacja o odkryciu przez J. Wr\u00f3blewskiego rekordowej dlugo\u015bci ci\u0105gu arytmetycznego liczb<br \/>\npierwszych.<\/p>\n<p>Grupa docelowa: uczniowie szk\u00f3\u0142 ponadpodstawowych i klas \u00f3smych szko\u0142y podstawowej<\/p>\n<p>Kontakt: <a href=\"mailto:randrusz@math.uwb.edu.pl\">randrusz@math.uwb.edu.pl<\/a>, tel. 502 931 307&nbsp;<\/p>\n<hr>\n<p style=\"text-align: center;\"><strong>Warsztaty<\/strong><\/p>\n<p><strong>Temat: <\/strong>Dowodzimy twierdzenia i szukamy b\u0142\u0119d\u00f3w w rozumowaniach<strong><br \/>\nProwadz\u0105cy:<\/strong> dr Anna Rybak<br \/>\n<strong>Termin: <\/strong>czwartek 13 marca 2025&nbsp;<br \/>\n<strong>Godzina:<\/strong> 13:15-14:15<br \/>\n<strong>Czas trwania: <\/strong>60 minut<br \/>\n<strong>Miejsce wydarzenia:<\/strong> Wydzia\u0142&nbsp;Matematyki&nbsp;sala 3011<br \/>\n<strong>Limit miejsc: <\/strong>30<\/p>\n<p>Dobr\u0105 metod\u0105 uczenia si\u0119 dowodzenia twierdze\u0144 jest analizowanie gotowych dowod\u00f3w i znajdowanie w nich b\u0142\u0119d\u00f3w (je\u015bli zosta\u0142y pope\u0142nione). Wyszukiwanie b\u0142\u0119d\u00f3w w dowodach jest tym bardziej fascynuj\u0105ce, je\u015bli \u201eudowodniony\u201d zosta\u0142 fakt zdecydowanie nieprawdziwy. Przy okazji zapami\u0119tujemy, jakich b\u0142\u0119d\u00f3w w rozumowaniach matematycznych (a czasami te\u017c w prostych obliczeniach) nie wolno pope\u0142nia\u0107, kiedy \u201enie mo\u017cna i\u015b\u0107 na skr\u00f3ty\u201d itp. Podczas wyk\u0142adu b\u0119dziemy analizowa\u0107 szereg prostych przyk\u0142ad\u00f3w dowod\u00f3w dotycz\u0105cych takich \u201eodkry\u0107 matematycznych\u201d jak \u201e2+2=5\u201d, \u201e1 z\u0142oty = 1 grosz\u201d, \u201e0\/0=2\u201d i innych, przypominaj\u0105c sobie prawa dzia\u0142a\u0144 na liczbach, wzory skr\u00f3conego mno\u017cenia, anga\u017cuj\u0105c w przeprowadzanie dowod\u00f3w arytmetyk\u0119 i algebr\u0119.<\/p>\n<p>Grupa docelowa: szko\u0142a ponadpodstawowa<\/p>\n<p>Kontakt: <a href=\"mailto:a.rybak@uwb.edu.pl\">a.rybak@uwb.edu.pl<\/a><\/p>\n<hr>\n<p style=\"text-align: center;\"><strong>Warsztaty<\/strong><\/p>\n<p><strong>Temat:<\/strong> Co wsp\u00f3lnego ma dzielenie pizzy z odkryciami wielkiego matematyka Gaussa?<strong><br \/>\nProwadz\u0105cy:<\/strong> dr Anna Rybak<br \/>\n<strong>Termin: <\/strong>czwartek 13 marca 2025<br \/>\n<strong>Godzina:<\/strong> 16:00-17:00<br \/>\n<strong>Czas trwania: <\/strong>60 minut<br \/>\n<strong>Miejsce wydarzenia:<\/strong> Wydzia\u0142&nbsp;Matematyki&nbsp;sala 3011<br \/>\n<strong>Limit miejsc: <\/strong>30<\/p>\n<p>Czasami zdarza si\u0119, \u017ce odkrycia matematyczne sprzed wielu dziesi\u0119cioleci przydaj\u0105 si\u0119 do rozwi\u0105zywania zupe\u0142nie wsp\u00f3\u0142czesnych problem\u00f3w. Podczas warsztat\u00f3w b\u0119dziemy \u0142\u0105czy\u0107 geometri\u0119 z algebr\u0105 i odkrywa\u0107 zupe\u0142nie nietypowe zastosowania ci\u0105g\u00f3w liczbowych. Zaj\u0119cia odbywaj\u0105 si\u0119 w ramach comiesi\u0119cznych spotka\u0144 Klubu M\u0142odego Odkrywcy \u201eM\u0142odzi umys\u0142em\u201d, kt\u00f3rego cz\u0142onkami s\u0105 ludzie doro\u015bli, ale zapraszamy te\u017c wszystkich innych doros\u0142ych zainteresowanych takimi dzia\u0142aniami, nawet je\u015bli nie s\u0105 Klubowiczami.<\/p>\n<p>Grupa docelowa: doro\u015bli<\/p>\n<p>Kontakt: <a href=\"mailto:a.rybak@uwb.edu.pl\">a.rybak@uwb.edu.pl<\/a><\/p>\n<hr>\n<p style=\"text-align: center;\"><strong>Temat przewodni: Imieniny Liczby Pi<\/strong><\/p>\n<p><strong>Prowadz\u0105cy:<\/strong> Ko\u0142o Naukowe Zastosowa\u0144 Matematyki Fraktal pod opiek\u0105 dr Justyny Makowskiej<br \/>\n<strong>Termin:<\/strong> 14.03.2025 (pi\u0105tek), godz. do uzgodnienia (od 10 do 14)<br \/>\n<strong>Czas trwania:<\/strong> ok 45 min<br \/>\n<strong>Miejsce:<\/strong> Wydzia\u0142 Matematyki,<\/p>\n<p>W zwi\u0105zku z tym, \u017ce <strong>14 marca&nbsp; obchodzimy Imieniny Liczby Pi<\/strong>, chcemy uczci\u0107 ten dzie\u0144 matematycznymi eksperymentami. Zapraszamy na nasze warsztaty, podczas kt\u00f3rych odkryjemy r\u00f3\u017cne sposoby wyznaczania liczby \u03c0 &nbsp;i jej praktyczne zastosowania!<\/p>\n<p style=\"text-align: center;\"><strong>&nbsp;<\/strong><strong>\u201eWyrzu\u0107my sobie liczb\u0119 Pi\u201d<\/strong><\/p>\n<p><strong>Liczba miejsc:<\/strong> 50<\/p>\n<p style=\"text-align: left;\">Liczba \u03c0 to nie tylko s\u0142ynna sta\u0142a matematyczna, ale tak\u017ce temat wielu ciekawych eksperyment\u00f3w. Na naszych zaj\u0119ciach uczestnicy spr\u00f3buj\u0105 samodzielnie wyznaczy\u0107 warto\u015b\u0107 \u03c0 w spos\u00f3b nieoczywisty \u2013 wykorzystuj\u0105c intryguj\u0105c\u0105 obserwacj\u0119 geometryczn\u0105. Do tego przewidziane s\u0105 matematyczne wyzwania i konkursy.<\/p>\n<p>Grupa docelowa uczniowie szk\u00f3\u0142 ponadpodstawowych oraz szk\u00f3\u0142 podstawowych kl. VIII<\/p>\n<p style=\"text-align: center;\"><strong>&nbsp;\u201eObw\u00f3d, ko\u0142a i liczba Pi\u201d<\/strong><\/p>\n<p><strong>Liczba miejsc: 35<\/strong><\/p>\n<p style=\"text-align: left;\">Czy liczba \u03c0\\pi\u03c0 mo\u017ce pom\u00f3c w mierzeniu odleg\u0142o\u015bci? Na naszych warsztatach dzieci odkryj\u0105, jak w prosty spos\u00f3b mo\u017cna eksperymentalnie znale\u017a\u0107 liczb\u0119 \u03c0\\pi\u03c0 za pomoc\u0105 okr\u0105g\u0142ych przedmiot\u00f3w. Sprawdzimy tak\u017ce, jak te przedmioty pomagaj\u0105 w mierzeniu d\u0142ugo\u015bci krzywych \u2013 toczenie ko\u0142a pozwala zmierzy\u0107 tras\u0119, a urz\u0105dzenia takie jak drogomierz czy krzywomierz wykorzystuj\u0105 t\u0119 zasad\u0119 do pomiar\u00f3w w terenie czy na mapie.<\/p>\n<p>Grupa docelowa uczniowie szk\u00f3\u0142 podstawowych kl. I-VII<\/p>\n<p style=\"text-align: center;\"><strong>Zapraszamy do wsp\u00f3lnego eksperymentowania i \u015bwi\u0119towania Imienin Liczby Pi!<\/strong><\/p>\n<p><strong>Wi\u0119cej informacji i zapisy:<\/strong> <a href=\"mailto:j.makowska@uwb.edu.pl\">j.makowska@uwb.edu.pl<\/a>, tel. 693078761<\/p>\n<hr>\n<p style=\"text-align: center;\"><strong>Wyk\u0142ad interaktywny<\/strong><\/p>\n<p><strong>Temat:<\/strong> Czy natura korzysta z matematyki?<strong><br \/>\nProwadz\u0105cy:<\/strong> dr Anna Rybak<br \/>\n<strong>Termin: <\/strong>pi\u0105tek 14 marca 2025&nbsp;<br \/>\n<strong>Godzina:<\/strong> 10:00-11:00<br \/>\n<strong>Czas trwania: <\/strong>60 minut<br \/>\n<strong>Miejsce wydarzenia:<\/strong> Wydzia\u0142 Matematyki sala 1056<br \/>\n<strong>Limit miejsc: <\/strong>250<\/p>\n<p>Podczas zaj\u0119\u0107 b\u0119dziemy zatanawia\u0107 si\u0119, sk\u0105d natura wie, jak utworzy\u0107 pi\u0119kne wzory na li\u015bciach ro\u015blin, muszlach \u015blimak\u00f3w itp. B\u0119dziemy te\u017c rozmawia\u0107 o tym, jak matematycy starali si\u0119 od wiek\u00f3w opisa\u0107 dzia\u0142ania natury matematyczne. Zadamy tez sobie pytanie, czy zwierz\u0119ta umieja liczy\u0107.<\/p>\n<p>Grupa docelowa: szko\u0142y podstawowej<\/p>\n<p>Kontakt: <a href=\"mailto:a.rybak@uwb.edu.pl\">a.rybak@uwb.edu.pl<\/a><\/p>\n<hr>\n<p>&nbsp;<\/p>\n<p>&nbsp;<\/p>\n<p style=\"text-align: center;\"><strong>Warsztaty<\/strong><\/p>\n<p><strong>Temat:<\/strong> Ko\u015bci rzucone, ale kto wygra? \u2013 O nieintuicyjnych w\u0142asno\u015bciach prawdopodobie\u0144stwa<strong><br \/>\nProwadz\u0105cy:<\/strong>&nbsp;<br \/>\n\ud83d\udccc dr Justyna Makowska (Wydzia\u0142 Matematyki, UwB)<br \/>\n\ud83d\udccc dr Marcin Makowski (Wydzia\u0142 Fizyki, UwB)<br \/>\n<strong>Termin: <\/strong>pi\u0105tek 14 marca 2025<br \/>\n<strong>Godzina:<\/strong> 11:30-12:30<br \/>\n<strong>Czas trwania:<\/strong>45-60 min.<br \/>\n<strong>Miejsce wydarzenia:<\/strong> Wydzia\u0142 Matematyki<br \/>\n<strong>Limit miejsc: <\/strong>35<\/p>\n<p>Czy je\u015bli strategia <span class=\"katex-mathml\">A<\/span> pokonuje strategi\u0119 <span class=\"katex-mathml\">B<\/span>, a <span class=\"katex-mathml\">B<\/span> pokonuje strategi\u0119 <span class=\"katex-mathml\">C<\/span>, to czy zawsze oznacza to, \u017ce <span class=\"katex-mathml\">A<\/span> pokona <span class=\"katex-mathml\">C<\/span>?<\/p>\n<p>Intuicja podpowiada, \u017ce tak, ale w rzeczywisto\u015bci nie jest to regu\u0142\u0105. W niekt\u00f3rych systemach, takich jak ko\u015bci Efrona, strategie mog\u0105 tworzy\u0107 <strong>cykliczny uk\u0142ad dominacji<\/strong>, w kt\u00f3rym <span class=\"katex-mathml\">A<\/span> wygrywa z <span class=\"katex-mathml\">B<\/span>, <span class=\"katex-mathml\">B<\/span> z <span class=\"katex-mathml\">C<\/span>, ale <span class=\"katex-mathml\">C<\/span> z <span class=\"katex-mathml\">A<\/span>.<\/p>\n<p>To zjawisko, zwane <strong>nieprzechodnio\u015bci\u0105<\/strong>, przypomina gr\u0119 w papier-kamie\u0144-no\u017cyce \u2013 brak w nim jednej \u201enajlepszej\u201d opcji, a przewaga zale\u017cy od kontekstu.<\/p>\n<p>Podczas warsztatu uczestnicy, bior\u0105c udzia\u0142 w grze, sami odkryj\u0105 zaskakuj\u0105ce w\u0142a\u015bciwo\u015bci ko\u015bci Efrona.<\/p>\n<p>Grupa docelowa: uczniowie szk\u00f3\u0142 ponadpodstawowych lub klas VIII szk\u00f3\u0142 podstawowych<\/p>\n<p>Kontakt: j.makowska@uwb.edu.pl (tel. 693 078 761)<\/p>\n<hr>\n<p>&nbsp;<\/p>\n<h3 style=\"text-align: center;\"><strong>Impreza stolikowa na Wydziale Matematyki<\/strong><\/h3>\n<p>Ko\u0142o Naukowe Zastosowa\u0144 Matematyki <strong>Fraktal<\/strong> zaprasza na <strong>imprez\u0119 stolikow\u0105<\/strong>, podczas kt\u00f3rej czeka na Was mn\u00f3stwo matematycznych atrakcji! Przygotowali\u015bmy specjalne stanowiska, gdzie b\u0119dzie mo\u017cna eksperymentowa\u0107, rozwi\u0105zywa\u0107 zagadki i odkrywa\u0107 niezwyk\u0142e w\u0142asno\u015bci liczb i geometrii. <strong>Ka\u017cdy znajdzie co\u015b dla siebie!<\/strong><\/p>\n<p>\ud83d\udd39 <strong>Cz\u0119\u015b\u0107 pierwsza: Liczba Pi i jej tajemnice<\/strong><br \/>\nZ okazji Imienin Liczby Pi zapraszamy do stolik\u00f3w, kt\u00f3re przybli\u017c\u0105 jej fascynuj\u0105c\u0105 histori\u0119 i ciekawe w\u0142asno\u015bci:<\/p>\n<ul>\n<li style=\"list-style-type: none;\">\n<ul>\n<li style=\"list-style-type: none;\">\n<ul>\n<li><strong>Plakaty o historii liczby Pi<\/strong> \u2013 poznaj jej tajemnice od staro\u017cytno\u015bci po wsp\u00f3\u0142czesno\u015b\u0107.<\/li>\n<li><strong>MatSzarady z liczb\u0105 Pi w tle<\/strong> \u2013 zagadki, rebusy.<\/li>\n<li><strong>Liczba Pi i liczby wzgl\u0119dnie pierwsze<\/strong> \u2013 liczba \u03c0\\pi\u03c0 zwi\u0105zana z idealnym kszta\u0142tem ko\u0142a w\u015br\u00f3d liczb pierwszych? Brzmi jak sprzeczno\u015b\u0107! Losuj\u0105c pary liczb i sprawdzaj\u0105c ich wzajemn\u0105 pierwszo\u015b\u0107, odkryjemy niezwyk\u0142\u0105 zale\u017cno\u015b\u0107&#8230; ale jak\u0105? Przyjd\u017a i przekonaj si\u0119 sam!<\/li>\n<li><strong>Poszukiwanie dat urodzenia w niesko\u0144czonym rozwini\u0119ciu liczby Pi<\/strong> \u2013 sprawd\u017a, czy Twoja data ma w nim swoje miejsce!<\/li>\n<\/ul>\n<\/li>\n<\/ul>\n<\/li>\n<\/ul>\n<p>\ud83d\udd39 <strong>Cz\u0119\u015b\u0107 druga: \u0141amig\u0142\u00f3wki geometryczne i niezwyk\u0142e kszta\u0142ty<\/strong><br \/>\nMatematyka to nie tylko liczby, ale i figury, kt\u00f3re potrafi\u0105 zaskakiwa\u0107! Na naszych stanowiskach b\u0119dzie mo\u017cna zmierzy\u0107 si\u0119 z wyj\u0105tkowymi geometrycznymi wyzwaniami:<\/p>\n<ul>\n<li style=\"list-style-type: none;\">\n<ul>\n<li style=\"list-style-type: none;\">\n<ul>\n<li><strong>\u0141amig\u0142\u00f3wki oparte na Polyomino Shape<\/strong>, w tym <strong>tetromino i pentomino<\/strong> \u2013 te figury by\u0142y inspiracj\u0105 dla tw\u00f3rc\u00f3w <strong>Tetrisa<\/strong>! Sprawd\u017a, czy potrafisz je idealnie dopasowa\u0107.<\/li>\n<li><strong>K-Dron<\/strong> \u2013 tajemnicza jedenasto\u015bcienna bry\u0142a geometryczna odkryta przez polskiego architekta Janusza Kapust\u0119. Czym si\u0119 wyr\u00f3\u017cnia i jakie zagadki mo\u017cna z niej stworzy\u0107? Przyjd\u017a i przekonaj si\u0119!<\/li>\n<li><strong>Nasze kultowe \u201eparkowanie samochod\u00f3w\u201d<\/strong> \u2013 czy uda Ci si\u0119 znale\u017a\u0107 spos\u00f3b, by wyprowadzi\u0107 zakorkowany samoch\u00f3d z parkingu? To \u0142amig\u0142\u00f3wka z serii <strong>Rush Hour<\/strong>, kt\u00f3ra sprawdzi Twoj\u0105 zdolno\u015b\u0107 logicznego my\u015blenia i planowania ruch\u00f3w!<\/li>\n<li><strong>Hyper Tiles \u2013 geometryczna zabawa w hiperprzestrzeni!<\/strong><br \/>\n<strong>Klocki Hyper Tiles<\/strong> to nowatorska zabawka konstrukcyjna oparta na matematycznym kszta\u0142cie zwanym <strong>hiperbolicznym paraboloidem<\/strong>. To proste, ale niezwykle wszechstronne elementy, kt\u00f3re mo\u017cna \u0142\u0105czy\u0107 na niesko\u0144czenie wiele sposob\u00f3w, tworz\u0105c zaskakuj\u0105ce struktury i odkrywaj\u0105c fascynuj\u0105cy \u015bwiat geometrii przestrzennej!<\/li>\n<\/ul>\n<\/li>\n<\/ul>\n<\/li>\n<\/ul>\n<p>B\u0119dzie \u015bwietna zabawa, mn\u00f3stwo nagr\u00f3d i prawdziwe <strong>wyt\u0119\u017canie umys\u0142u<\/strong>!<\/p>\n<p>\ud83d\udd59 <strong>B\u0119dziemy na Was czeka\u0107 od 10:00 do 13:00<\/strong>.<br \/>\nJe\u015bli planujecie przyj\u015b\u0107 wi\u0119ksz\u0105 grup\u0105, dajcie nam zna\u0107 \u2013 pomo\u017ce nam to lepiej przygotowa\u0107 przestrze\u0144 i zapewni\u0107 ka\u017cdemu komfortow\u0105 zabaw\u0119.<\/p>\n<p>Kontakt do opiekuna Ko\u0142a: <a href=\"mailto:j.makowska@uwb.edu.pl\">j.makowska@uwb.edu.pl<\/a>, tel. 693078761<\/p>\n<p>\ud83d\udce2 <strong>Nie przegap tej okazji \u2013 wpadaj na Wydzia\u0142 Matematyki i odkrywaj \u015bwiat liczb i kszta\u0142t\u00f3w z nami!<\/strong><\/p>\n<hr>\n<p style=\"text-align: center;\"><strong>Konkurs &#8222;Matematyka w moim zawodzie&#8221;<\/strong><\/p>\n<p>Konkurs dla uczni\u00f3w szk\u00f3\u0142 ponadpodstawowych. Centrum Kreatywnego Uczenia si\u0119 Matematyki przy Wydziale Matematyki Uniwersytetu w Bia\u0142ymstoku oraz <span class=\"x193iq5w xeuugli x13faqbe x1vvkbs x1xmvt09 x1lliihq x1s928wv xhkezso x1gmr53x x1cpjm7i x1fgarty x1943h6x xudqn12 x3x7a5m x6prxxf xvq8zen xo1l8bm xzsf02u\" dir=\"auto\">Zesp\u00f3\u0142 Szk\u00f3\u0142 Technicznych im. gen. W\u0142adys\u0142awa Andersa <\/span>og\u0142aszaj\u0105 trzeci\u0105 edycj\u0119 konkursu \u201e<strong>Matematyka w moim zawodzie\u201d.<\/strong><\/p>\n<p>Celem konkursu jest:<\/p>\n<ul>\n<li style=\"list-style-type: none;\">\n<ul>\n<li style=\"list-style-type: none;\">\n<ul>\n<li>popularyzacja matematyki,<\/li>\n<li>kszta\u0142towanie oraz wzmacnianie zainteresowania matematyk\u0105,<\/li>\n<li>pog\u0142\u0119bianie kompetencji matematycznych uczni\u00f3w,<\/li>\n<li>kszta\u0142cenie umiej\u0119tno\u015bci \u0142\u0105czenia tre\u015bci matematycznych z otaczaj\u0105cym \u015bwiatem, w szczeg\u00f3lno\u015bci z wybranym zawodem.<\/li>\n<\/ul>\n<\/li>\n<\/ul>\n<\/li>\n<\/ul>\n<p>Zadanie konkursowe polega na:<\/p>\n<ul>\n<li style=\"list-style-type: none;\">\n<ul>\n<li style=\"list-style-type: none;\">\n<ul>\n<li>wykonaniu zdj\u0119cia ukazuj\u0105cego dowolny aspekt matematyki zwi\u0105zany z wybranym zawodem oraz opisaniu zwi\u0105zk\u00f3w tre\u015bci zdj\u0119cia z matematyk\u0105, oraz<\/li>\n<li>samodzielnym u\u0142o\u017ceniu tre\u015bci zadania matematycznego, zwi\u0105zanego ze specyfik\u0105 wybranego wy\u017cej zawodu i rozwi\u0105zaniu tego zadania<\/li>\n<\/ul>\n<\/li>\n<\/ul>\n<\/li>\n<\/ul>\n<p>W konkursie mo\u017ce wzi\u0105\u0107 udzia\u0142 ka\u017cdy ucze\u0144 szko\u0142y ponadpodstawowej. W przypadku uczni\u00f3w szk\u00f3\u0142 przygotowuj\u0105cych do wykonywania konkretnego zawodu praca powinna dotyczy\u0107 matematyki w tym w\u0142a\u015bnie zawodzie, w przypadku uczni\u00f3w lice\u00f3w og\u00f3lnokszta\u0142c\u0105cych praca mo\u017ce dotyczy\u0107 wymarzonego zawodu<\/p>\n<p style=\"text-align: center;\"><strong>Zach\u0119camy do udzia\u0142u<\/strong><br \/>\n<strong>Opr\u00f3cz nagr\u00f3d rzeczowych organizatorzy przewiduj\u0105 te\u017c oceny z matematyki<\/strong><\/p>\n<p style=\"text-align: justify;\"><strong>Szczeg\u00f3\u0142owe informacje i regulamin konkursu znajduj\u0105 si\u0119 pod linkiem:<\/strong><\/p>\n<p><a href=\"https:\/\/matematyka.uwb.edu.pl\/centrum-kreatywnego-uczenia-sie-matematyki\/konkursy2\/konkurs-matematyka-w-moim-zawodzie\">https:\/\/matematyka.uwb.edu.pl\/centrum-kreatywnego-uczenia-sie-matematyki\/konkursy2\/konkurs-matematyka-w-moim-zawodzie<\/a><\/p>\n","protected":false},"excerpt":{"rendered":"<p>&nbsp; Regulamin pokaz\u00f3w i warsztat\u00f3w organizowanych na Wydziale Matematyki: plik PDF Wyk\u0142ad&nbsp; Temat: O pewnych zastosowaniach algebry i informatyki w rozwi\u0105zywaniu nietrywialnych problem\u00f3w Prowadz\u0105cy: dr hab. Ryszard R. Andruszkiewicz, prof. UwB. Termin: czwartek 13 marca 2025&nbsp; Godzina: 10:30-11:15 Czas trwania: 45 minut Miejsce wydarzenia: Wydzia\u0142 Matematyki sala 1056 Limit miejsc: 250 Wyk\u0142ad sk\u0142ada si\u0119 z &hellip; <\/p>\n<p class=\"link-more\"><a href=\"http:\/\/dniotwarte.uwb.edu.pl\/?page_id=250\" class=\"more-link\">Czytaj dalej<span class=\"screen-reader-text\"> \u201eWydzia\u0142 Matematyki\u201d<\/span><\/a><\/p>\n","protected":false},"author":1,"featured_media":0,"parent":0,"menu_order":0,"comment_status":"closed","ping_status":"closed","template":"","meta":{"ngg_post_thumbnail":0,"jetpack_post_was_ever_published":false,"footnotes":""},"categories":[17],"tags":[],"class_list":["post-250","page","type-page","status-publish","hentry","category-grupowanie"],"jetpack_sharing_enabled":true,"jetpack_shortlink":"https:\/\/wp.me\/P9I97i-42","jetpack_likes_enabled":true,"jetpack-related-posts":[],"_links":{"self":[{"href":"http:\/\/dniotwarte.uwb.edu.pl\/index.php?rest_route=\/wp\/v2\/pages\/250","targetHints":{"allow":["GET"]}}],"collection":[{"href":"http:\/\/dniotwarte.uwb.edu.pl\/index.php?rest_route=\/wp\/v2\/pages"}],"about":[{"href":"http:\/\/dniotwarte.uwb.edu.pl\/index.php?rest_route=\/wp\/v2\/types\/page"}],"author":[{"embeddable":true,"href":"http:\/\/dniotwarte.uwb.edu.pl\/index.php?rest_route=\/wp\/v2\/users\/1"}],"replies":[{"embeddable":true,"href":"http:\/\/dniotwarte.uwb.edu.pl\/index.php?rest_route=%2Fwp%2Fv2%2Fcomments&post=250"}],"version-history":[{"count":62,"href":"http:\/\/dniotwarte.uwb.edu.pl\/index.php?rest_route=\/wp\/v2\/pages\/250\/revisions"}],"predecessor-version":[{"id":4025,"href":"http:\/\/dniotwarte.uwb.edu.pl\/index.php?rest_route=\/wp\/v2\/pages\/250\/revisions\/4025"}],"wp:attachment":[{"href":"http:\/\/dniotwarte.uwb.edu.pl\/index.php?rest_route=%2Fwp%2Fv2%2Fmedia&parent=250"}],"wp:term":[{"taxonomy":"category","embeddable":true,"href":"http:\/\/dniotwarte.uwb.edu.pl\/index.php?rest_route=%2Fwp%2Fv2%2Fcategories&post=250"},{"taxonomy":"post_tag","embeddable":true,"href":"http:\/\/dniotwarte.uwb.edu.pl\/index.php?rest_route=%2Fwp%2Fv2%2Ftags&post=250"}],"curies":[{"name":"wp","href":"https:\/\/api.w.org\/{rel}","templated":true}]}}