{"id":471,"date":"2018-03-02T15:00:01","date_gmt":"2018-03-02T14:00:01","guid":{"rendered":"http:\/\/dniotwarte.uwb.edu.pl\/?page_id=471"},"modified":"2025-03-13T12:53:20","modified_gmt":"2025-03-13T11:53:20","slug":"wydarzenia-na-wydziale-fizyki-3-2-4","status":"publish","type":"page","link":"http:\/\/dniotwarte.uwb.edu.pl\/?page_id=471","title":{"rendered":"Wydzia\u0142 Biologii"},"content":{"rendered":"<h5 style=\"text-align: center;\"><span style=\"color: #008000; font-size: 18pt;\"><strong>Witamy na Wydziale BIOLOGII!!!<\/strong><\/span><\/h5>\n<p>&nbsp;<\/p>\n<p><a href=\"https:\/\/biologia.uwb.edu.pl\/\"><img data-recalc-dims=\"1\" fetchpriority=\"high\" decoding=\"async\" data-attachment-id=\"3871\" data-permalink=\"http:\/\/dniotwarte.uwb.edu.pl\/?attachment_id=3871\" data-orig-file=\"https:\/\/i0.wp.com\/dniotwarte.uwb.edu.pl\/wp-content\/uploads\/2025\/02\/2020uwbwblogopoziom.jpg?fit=2108%2C981\" data-orig-size=\"2108,981\" data-comments-opened=\"0\" data-image-meta=\"{&quot;aperture&quot;:&quot;0&quot;,&quot;credit&quot;:&quot;&quot;,&quot;camera&quot;:&quot;&quot;,&quot;caption&quot;:&quot;&quot;,&quot;created_timestamp&quot;:&quot;0&quot;,&quot;copyright&quot;:&quot;&quot;,&quot;focal_length&quot;:&quot;0&quot;,&quot;iso&quot;:&quot;0&quot;,&quot;shutter_speed&quot;:&quot;0&quot;,&quot;title&quot;:&quot;2020_UwB_WB_logo_poziom&quot;,&quot;orientation&quot;:&quot;1&quot;}\" data-image-title=\"2020_UwB_WB_logo_poziom\" data-image-description=\"\" data-image-caption=\"\" data-medium-file=\"https:\/\/i0.wp.com\/dniotwarte.uwb.edu.pl\/wp-content\/uploads\/2025\/02\/2020uwbwblogopoziom.jpg?fit=300%2C140\" data-large-file=\"https:\/\/i0.wp.com\/dniotwarte.uwb.edu.pl\/wp-content\/uploads\/2025\/02\/2020uwbwblogopoziom.jpg?fit=525%2C245\" class=\"aligncenter size-full wp-image-3871\" src=\"https:\/\/i0.wp.com\/dniotwarte.uwb.edu.pl\/wp-content\/uploads\/2025\/02\/2020uwbwblogopoziom.jpg?resize=525%2C244\" alt=\"\" width=\"525\" height=\"244\" srcset=\"https:\/\/i0.wp.com\/dniotwarte.uwb.edu.pl\/wp-content\/uploads\/2025\/02\/2020uwbwblogopoziom.jpg?w=2108 2108w, https:\/\/i0.wp.com\/dniotwarte.uwb.edu.pl\/wp-content\/uploads\/2025\/02\/2020uwbwblogopoziom.jpg?resize=300%2C140 300w, https:\/\/i0.wp.com\/dniotwarte.uwb.edu.pl\/wp-content\/uploads\/2025\/02\/2020uwbwblogopoziom.jpg?resize=1024%2C477 1024w, https:\/\/i0.wp.com\/dniotwarte.uwb.edu.pl\/wp-content\/uploads\/2025\/02\/2020uwbwblogopoziom.jpg?resize=768%2C357 768w, https:\/\/i0.wp.com\/dniotwarte.uwb.edu.pl\/wp-content\/uploads\/2025\/02\/2020uwbwblogopoziom.jpg?resize=1536%2C715 1536w, https:\/\/i0.wp.com\/dniotwarte.uwb.edu.pl\/wp-content\/uploads\/2025\/02\/2020uwbwblogopoziom.jpg?resize=2048%2C953 2048w, https:\/\/i0.wp.com\/dniotwarte.uwb.edu.pl\/wp-content\/uploads\/2025\/02\/2020uwbwblogopoziom.jpg?resize=128%2C60 128w, https:\/\/i0.wp.com\/dniotwarte.uwb.edu.pl\/wp-content\/uploads\/2025\/02\/2020uwbwblogopoziom.jpg?resize=32%2C15 32w\" sizes=\"(max-width: 767px) 89vw, (max-width: 1000px) 54vw, (max-width: 1071px) 543px, 580px\" \/><\/a><\/p>\n<p style=\"text-align: center;\"><a href=\"http:\/\/dniotwarte.uwb.edu.pl\/wp-content\/uploads\/2025\/03\/regulamin_pokazow_i_warsztatow_laboratoryjnych_na_wydziale_biologii_uwb_finalna.pdf\">Regulamin <\/a><a href=\"http:\/\/dniotwarte.uwb.edu.pl\/wp-content\/uploads\/2025\/03\/regulamin_pokazow_i_warsztatow_laboratoryjnych_na_wydziale_biologii_uwb_finalna.pdf\">pokaz\u00f3w i warsztat\u00f3w laboratoryjnych na Wydziale Biologii UwB<\/a><\/p>\n<p style=\"text-align: center;\"><span style=\"font-size: 14pt;\"><a href=\"http:\/\/dniotwarte.uwb.edu.pl\/wp-content\/uploads\/2025\/02\/biologia.pdf\">Harmonogram Spotka\u0144 z Nauk\u0105 2025 na Wydziale Biologii UwB&nbsp;<\/a><\/span><\/p>\n<p style=\"text-align: center;\"><span style=\"font-size: 18pt; color: #000000;\"><strong>Harmonogram: <\/strong><\/span><span style=\"font-size: 18pt; color: #000000;\"><strong><a href=\"http:\/\/dniotwarte.uwb.edu.pl\/wp-content\/uploads\/2025\/02\/biologia.pdf\" class=\"pdfemb-viewer\" style=\"\" data-width=\"max\" data-height=\"max\" data-toolbar=\"bottom\" data-toolbar-fixed=\"off\">biologia<\/a><\/strong><\/span><\/p>\n<p>&nbsp;<\/p>\n<p><!-- [mla_gallery size=full ids=\"1500,1502\" post_mime_type=application\/pdf post_parent=all link=file mla_viewer=true columns=1 mla_rollover_text='{+description+}' ] --><\/p>\n","protected":false},"excerpt":{"rendered":"<p>Witamy na Wydziale BIOLOGII!!! &nbsp; Regulamin pokaz\u00f3w i warsztat\u00f3w laboratoryjnych na Wydziale Biologii UwB Harmonogram Spotka\u0144 z Nauk\u0105 2025 na Wydziale Biologii UwB&nbsp; Harmonogram: &nbsp;<\/p>\n","protected":false},"author":1,"featured_media":0,"parent":0,"menu_order":0,"comment_status":"closed","ping_status":"closed","template":"","meta":{"ngg_post_thumbnail":0,"jetpack_post_was_ever_published":false,"footnotes":""},"categories":[17],"tags":[],"class_list":["post-471","page","type-page","status-publish","hentry","category-grupowanie"],"jetpack_sharing_enabled":true,"jetpack_shortlink":"https:\/\/wp.me\/P9I97i-7B","jetpack_likes_enabled":true,"jetpack-related-posts":[],"_links":{"self":[{"href":"http:\/\/dniotwarte.uwb.edu.pl\/index.php?rest_route=\/wp\/v2\/pages\/471","targetHints":{"allow":["GET"]}}],"collection":[{"href":"http:\/\/dniotwarte.uwb.edu.pl\/index.php?rest_route=\/wp\/v2\/pages"}],"about":[{"href":"http:\/\/dniotwarte.uwb.edu.pl\/index.php?rest_route=\/wp\/v2\/types\/page"}],"author":[{"embeddable":true,"href":"http:\/\/dniotwarte.uwb.edu.pl\/index.php?rest_route=\/wp\/v2\/users\/1"}],"replies":[{"embeddable":true,"href":"http:\/\/dniotwarte.uwb.edu.pl\/index.php?rest_route=%2Fwp%2Fv2%2Fcomments&post=471"}],"version-history":[{"count":24,"href":"http:\/\/dniotwarte.uwb.edu.pl\/index.php?rest_route=\/wp\/v2\/pages\/471\/revisions"}],"predecessor-version":[{"id":4039,"href":"http:\/\/dniotwarte.uwb.edu.pl\/index.php?rest_route=\/wp\/v2\/pages\/471\/revisions\/4039"}],"wp:attachment":[{"href":"http:\/\/dniotwarte.uwb.edu.pl\/index.php?rest_route=%2Fwp%2Fv2%2Fmedia&parent=471"}],"wp:term":[{"taxonomy":"category","embeddable":true,"href":"http:\/\/dniotwarte.uwb.edu.pl\/index.php?rest_route=%2Fwp%2Fv2%2Fcategories&post=471"},{"taxonomy":"post_tag","embeddable":true,"href":"http:\/\/dniotwarte.uwb.edu.pl\/index.php?rest_route=%2Fwp%2Fv2%2Ftags&post=471"}],"curies":[{"name":"wp","href":"https:\/\/api.w.org\/{rel}","templated":true}]}}