{"id":229,"date":"2018-02-28T19:15:54","date_gmt":"2018-02-28T18:15:54","guid":{"rendered":"http:\/\/dniotwarte.uwb.edu.pl\/?page_id=229"},"modified":"2025-03-03T12:14:02","modified_gmt":"2025-03-03T11:14:02","slug":"wydzial-fizyki-wyklady-2","status":"publish","type":"page","link":"https:\/\/dniotwarte.uwb.edu.pl\/?page_id=229","title":{"rendered":"Wydzia\u0142 Chemii &#8211; wyk\u0142ady"},"content":{"rendered":"<p style=\"text-align: center;\"><strong>Zapraszamy do rejestracji na nast\u0119puj\u0105ce wyk\u0142ady!<\/strong><\/p>\n<p style=\"text-align: center;\"><strong>Ka\u017cdy uczestnik\/opiekun ma obowi\u0105zek zapozna\u0107 si\u0119 z <a href=\"http:\/\/dniotwarte.uwb.edu.pl\/wp-content\/uploads\/2025\/02\/regulamin_pokazow_i_warsztatow_laboratoryjnych_na_wydziale_chemii_uwb.pdf\">REGULAMINEM POKAZ\u00d3W I WARSZTAT\u00d3W LABORATORYJNYCH ORGANIZOWANYCH NA WYDZIALE CHEMII UwB.<\/a><\/strong><\/p>\n<p style=\"text-align: center;\"><strong><span style=\"color: #ff0000; font-size: 18pt;\">Rejestracja od 3 marca 2025&nbsp;<\/span><\/strong><\/p>\n<p style=\"text-align: center;\"><strong><span style=\"color: #ff0000; font-size: 18pt;\">Poniedzia\u0142ek \u2013 Pi\u0105tek w godz. 8-14, <\/span><\/strong><\/p>\n<p style=\"text-align: center;\"><strong><span style=\"color: #ff0000; font-size: 18pt;\">tel. <\/span><\/strong><strong style=\"font-size: 1rem;\"><span style=\"color: #ff0000; font-size: 18pt;\">85 738-80-95 lub 85 738-80-96<\/span><\/strong><\/p>\n<p style=\"text-align: center;\"><strong><span style=\"color: #993366;\"><a style=\"color: #993366;\" href=\"http:\/\/dniotwarte.uwb.edu.pl\/wp-content\/uploads\/2025\/02\/Harmonogram-SzN-2025-Piatek-14-marca-Chemia.pdf\">Harmonogram Pi\u0105tek 14 marca 2025<\/a><\/span><\/strong><\/p>\n<p style=\"text-align: center;\"><strong><a href=\"http:\/\/dniotwarte.uwb.edu.pl\/wp-content\/uploads\/2025\/02\/Harmonogram-SzN-2025-Sobota-15-marca-Chemia.pdf\">Harmonogram Sobota 15 marca 2025<\/a><\/strong><\/p>\n<div class=\"em em-view-container\" id=\"em-view-1028099563\" data-view=\"list\">\r\n\t<div class=\"em pixelbones em-list em-events-list\" id=\"em-events-list-1028099563\" data-view-id=\"1028099563\">\r\n\t<table class=\"events-table\" >\r\n    <thead>\r\n        <tr>\r\n\t\t\t<th class=\"event-date\" scope=\"col\">Data<\/th>\r\n\t\t\t<th class=\"event-time\" scope=\"col\">Godzina<\/th>\r\n\t\t\t<th class=\"event-description\" scope=\"col\">Wydarzenie<\/th>\r\n\t\t<\/tr>\r\n   \t<\/thead>\r\n    <tbody><tr>\r\n\t\t\t<td width=\"9%\">\r\n                pi\u0105tek 14-03-2025  \r\n\t\t\t<\/td><td width=\"15%\"style=\"background-color:lightgrey;\">\r\n                09:00 - 09:45\r\n            <\/td>\r\n            <td>\r\n                <a href=\"https:\/\/dniotwarte.uwb.edu.pl\/?event=literackie-przygody-z-chemia-2\">Literackie przygody z chemi\u0105<\/a>\r\n                <br\/><i>Wydzia\u0142 Chemii, Uniwersytet w Bia\u0142ymstoku, Bia\u0142ystok <\/i>\r\n\r\n            <\/td>\r\n        <\/tr>\r\n<tr style =\"font-size: 4px;\">\r\n<td bgcolor=\"#559F77\" >\u00a0<\/td><td bgcolor=\"#559F77\">\u00a0<\/td><td bgcolor=\"#559F77\">\u00a0<\/td>\r\n<\/tr><tr>\r\n\t\t\t<td width=\"9%\">\r\n                pi\u0105tek 14-03-2025  \r\n\t\t\t<\/td><td width=\"15%\"style=\"background-color:lightgrey;\">\r\n                10:00 - 10:45\r\n            <\/td>\r\n            <td>\r\n                <a href=\"https:\/\/dniotwarte.uwb.edu.pl\/?event=jak-dlugo-zyje-wlos-kilka-ciekawostek-o-wlosach\">Jak d\u0142ugo \u017cyje w\u0142os? Kilka ciekawostek o w\u0142osach<\/a>\r\n                <br\/><i>Wydzia\u0142 Chemii, Uniwersytet w Bia\u0142ymstoku, Bia\u0142ystok <\/i>\r\n<span style=\"color: #ff0000;\"><strong>BRAK MIEJSC<\/strong><\/span> \r\n            <\/td>\r\n        <\/tr>\r\n<tr style =\"font-size: 4px;\">\r\n<td bgcolor=\"#559F77\" >\u00a0<\/td><td bgcolor=\"#559F77\">\u00a0<\/td><td bgcolor=\"#559F77\">\u00a0<\/td>\r\n<\/tr><tr>\r\n\t\t\t<td width=\"9%\">\r\n                pi\u0105tek 14-03-2025  \r\n\t\t\t<\/td><td width=\"15%\"style=\"background-color:lightgrey;\">\r\n                11:00 - 11:45\r\n            <\/td>\r\n            <td>\r\n                <a href=\"https:\/\/dniotwarte.uwb.edu.pl\/?event=literackie-przygody-z-chemia-3\">Ludzko\u015b\u0107 potrzebuje marzycieli - opowie\u015b\u0107 o Marii Sk\u0142odowskiej-Curie<\/a>\r\n                <br\/><i>Wydzia\u0142 Chemii, Uniwersytet w Bia\u0142ymstoku, Bia\u0142ystok <\/i>\r\n<span style=\"color: #ff0000;\"><strong>BRAK MIEJSC<\/strong><\/span> \r\n            <\/td>\r\n        <\/tr>\r\n<tr style =\"font-size: 4px;\">\r\n<td bgcolor=\"#559F77\" >\u00a0<\/td><td bgcolor=\"#559F77\">\u00a0<\/td><td bgcolor=\"#559F77\">\u00a0<\/td>\r\n<\/tr><tr>\r\n\t\t\t<td width=\"9%\">\r\n                pi\u0105tek 14-03-2025  \r\n\t\t\t<\/td><td width=\"15%\"style=\"background-color:lightgrey;\">\r\n                12:00 - 13:00\r\n            <\/td>\r\n            <td>\r\n                <a href=\"https:\/\/dniotwarte.uwb.edu.pl\/?event=kto-sie-boi-promieniowania-jadrowego\">Kto si\u0119 boi promieniowania j\u0105drowego?<\/a>\r\n                <br\/><i>Wydzia\u0142 Chemii, Uniwersytet w Bia\u0142ymstoku, Bia\u0142ystok <\/i>\r\n<span style=\"color: #ff0000;\"><strong>BRAK MIEJSC<\/strong><\/span> \r\n            <\/td>\r\n        <\/tr>\r\n<tr style =\"font-size: 4px;\">\r\n<td bgcolor=\"#559F77\" >\u00a0<\/td><td bgcolor=\"#559F77\">\u00a0<\/td><td bgcolor=\"#559F77\">\u00a0<\/td>\r\n<\/tr><\/tbody><\/table>\t<\/div>\r\n<\/div>\n","protected":false},"excerpt":{"rendered":"<p>Zapraszamy do rejestracji na nast\u0119puj\u0105ce wyk\u0142ady! Ka\u017cdy uczestnik\/opiekun ma obowi\u0105zek zapozna\u0107 si\u0119 z REGULAMINEM POKAZ\u00d3W I WARSZTAT\u00d3W LABORATORYJNYCH ORGANIZOWANYCH NA WYDZIALE CHEMII UwB. Rejestracja od 3 marca 2025&nbsp; Poniedzia\u0142ek \u2013 Pi\u0105tek w godz. 8-14, tel. 85 738-80-95 lub 85 738-80-96 Harmonogram Pi\u0105tek 14 marca 2025 Harmonogram Sobota 15 marca 2025<\/p>\n","protected":false},"author":1,"featured_media":0,"parent":0,"menu_order":0,"comment_status":"closed","ping_status":"closed","template":"","meta":{"ngg_post_thumbnail":0,"jetpack_post_was_ever_published":false,"footnotes":""},"categories":[17],"tags":[],"class_list":["post-229","page","type-page","status-publish","hentry","category-grupowanie"],"jetpack_sharing_enabled":true,"jetpack_shortlink":"https:\/\/wp.me\/P9I97i-3H","jetpack_likes_enabled":true,"jetpack-related-posts":[],"_links":{"self":[{"href":"https:\/\/dniotwarte.uwb.edu.pl\/index.php?rest_route=\/wp\/v2\/pages\/229","targetHints":{"allow":["GET"]}}],"collection":[{"href":"https:\/\/dniotwarte.uwb.edu.pl\/index.php?rest_route=\/wp\/v2\/pages"}],"about":[{"href":"https:\/\/dniotwarte.uwb.edu.pl\/index.php?rest_route=\/wp\/v2\/types\/page"}],"author":[{"embeddable":true,"href":"https:\/\/dniotwarte.uwb.edu.pl\/index.php?rest_route=\/wp\/v2\/users\/1"}],"replies":[{"embeddable":true,"href":"https:\/\/dniotwarte.uwb.edu.pl\/index.php?rest_route=%2Fwp%2Fv2%2Fcomments&post=229"}],"version-history":[{"count":47,"href":"https:\/\/dniotwarte.uwb.edu.pl\/index.php?rest_route=\/wp\/v2\/pages\/229\/revisions"}],"predecessor-version":[{"id":3917,"href":"https:\/\/dniotwarte.uwb.edu.pl\/index.php?rest_route=\/wp\/v2\/pages\/229\/revisions\/3917"}],"wp:attachment":[{"href":"https:\/\/dniotwarte.uwb.edu.pl\/index.php?rest_route=%2Fwp%2Fv2%2Fmedia&parent=229"}],"wp:term":[{"taxonomy":"category","embeddable":true,"href":"https:\/\/dniotwarte.uwb.edu.pl\/index.php?rest_route=%2Fwp%2Fv2%2Fcategories&post=229"},{"taxonomy":"post_tag","embeddable":true,"href":"https:\/\/dniotwarte.uwb.edu.pl\/index.php?rest_route=%2Fwp%2Fv2%2Ftags&post=229"}],"curies":[{"name":"wp","href":"https:\/\/api.w.org\/{rel}","templated":true}]}}