{"id":2506,"date":"2023-03-14T08:30:05","date_gmt":"2023-03-14T07:30:05","guid":{"rendered":"https:\/\/dniotwarte.uwb.edu.pl\/?page_id=2506"},"modified":"2025-02-19T12:54:45","modified_gmt":"2025-02-19T11:54:45","slug":"impreza-magnetyczna-2-4","status":"publish","type":"page","link":"https:\/\/dniotwarte.uwb.edu.pl\/?page_id=2506","title":{"rendered":"Astronomia fal grawitacyjnych: nowe okno na Wszech\u015bwiat"},"content":{"rendered":"<p><strong>Astronomia fal grawitacyjnych: nowe okno na Wszech\u015bwiat,<\/strong>&nbsp; <em>prof. dr hab&nbsp; Piotr Jaranowski<\/em><\/p>\n<div style=\"width: 525px;\" class=\"wp-video\"><video class=\"wp-video-shortcode\" id=\"video-2506-1\" width=\"525\" height=\"295\" preload=\"metadata\" controls=\"controls\"><source type=\"video\/mp4\" src=\"https:\/\/physics.uwb.edu.pl\/data_\/fale_grawitacyjne_nowe_oko_na_wszechswiat.mp4?_=1\" \/><a href=\"https:\/\/physics.uwb.edu.pl\/data_\/fale_grawitacyjne_nowe_oko_na_wszechswiat.mp4\">https:\/\/physics.uwb.edu.pl\/data_\/fale_grawitacyjne_nowe_oko_na_wszechswiat.mp4<\/a><\/video><\/div>\n<p>W kilku ostatnich latach mia\u0142y miejsce prze\u0142omowe odkrycia w astronomii. W roku 2015 po raz pierwszy w historii nauki bezpo\u015brednio<br \/>\nzarejestrowano fale grawitacyjne, wytworzone podczas zderzenia si\u0119 dw\u00f3ch czarnych dziur w odleg\u0142ej galaktyce, co zosta\u0142o w roku 2017<br \/>\nuhonorowane Nagrod\u0105 Nobla z fizyki. W tym samym roku 2017 po raz pierwszy zarejestrowano r\u00f3wnocze\u015bnie fale grawitacyjne i promieniowanie elektromagnetyczne zwi\u0105zane ze zderzeniem si\u0119 dw\u00f3ch gwiazd neutronowych. W wyk\u0142adzie wyja\u015bnimy czym s\u0105 przewidziane przez Einsteina fale grawitacyjne, powiemy jak wygl\u0105daj\u0105 \u017ar\u00f3d\u0142a emituj\u0105ce fale grawitacyjne, za pomoc\u0105 jakich urz\u0105dze\u0144 s\u0105 one rejestrowane oraz dlaczego ich obserwacje, po\u0142\u0105czone z obserwacjami fal elektromagnetycznych, s\u0105 niezwykle wa\u017cne dla rozwoju naszej wiedzy o Wszech\u015bwiecie.<\/p>\n","protected":false},"excerpt":{"rendered":"<p>Astronomia fal grawitacyjnych: nowe okno na Wszech\u015bwiat,&nbsp; prof. dr hab&nbsp; Piotr Jaranowski W kilku ostatnich latach mia\u0142y miejsce prze\u0142omowe odkrycia w astronomii. W roku 2015 po raz pierwszy w historii nauki bezpo\u015brednio zarejestrowano fale grawitacyjne, wytworzone podczas zderzenia si\u0119 dw\u00f3ch czarnych dziur w odleg\u0142ej galaktyce, co zosta\u0142o w roku 2017 uhonorowane Nagrod\u0105 Nobla z fizyki. &hellip; <\/p>\n<p class=\"link-more\"><a href=\"https:\/\/dniotwarte.uwb.edu.pl\/?page_id=2506\" class=\"more-link\">Czytaj dalej<span class=\"screen-reader-text\"> \u201eAstronomia fal grawitacyjnych: nowe okno na Wszech\u015bwiat\u201d<\/span><\/a><\/p>\n","protected":false},"author":1,"featured_media":2500,"parent":3174,"menu_order":0,"comment_status":"closed","ping_status":"closed","template":"","meta":{"ngg_post_thumbnail":0,"jetpack_post_was_ever_published":false,"footnotes":""},"categories":[65],"tags":[],"class_list":["post-2506","page","type-page","status-publish","has-post-thumbnail","hentry","category-fizyka-nagrania-video"],"jetpack_sharing_enabled":true,"jetpack_shortlink":"https:\/\/wp.me\/P9I97i-Eq","jetpack_likes_enabled":true,"jetpack-related-posts":[],"_links":{"self":[{"href":"https:\/\/dniotwarte.uwb.edu.pl\/index.php?rest_route=\/wp\/v2\/pages\/2506","targetHints":{"allow":["GET"]}}],"collection":[{"href":"https:\/\/dniotwarte.uwb.edu.pl\/index.php?rest_route=\/wp\/v2\/pages"}],"about":[{"href":"https:\/\/dniotwarte.uwb.edu.pl\/index.php?rest_route=\/wp\/v2\/types\/page"}],"author":[{"embeddable":true,"href":"https:\/\/dniotwarte.uwb.edu.pl\/index.php?rest_route=\/wp\/v2\/users\/1"}],"replies":[{"embeddable":true,"href":"https:\/\/dniotwarte.uwb.edu.pl\/index.php?rest_route=%2Fwp%2Fv2%2Fcomments&post=2506"}],"version-history":[{"count":2,"href":"https:\/\/dniotwarte.uwb.edu.pl\/index.php?rest_route=\/wp\/v2\/pages\/2506\/revisions"}],"predecessor-version":[{"id":3171,"href":"https:\/\/dniotwarte.uwb.edu.pl\/index.php?rest_route=\/wp\/v2\/pages\/2506\/revisions\/3171"}],"up":[{"embeddable":true,"href":"https:\/\/dniotwarte.uwb.edu.pl\/index.php?rest_route=\/wp\/v2\/pages\/3174"}],"wp:featuredmedia":[{"embeddable":true,"href":"https:\/\/dniotwarte.uwb.edu.pl\/index.php?rest_route=\/wp\/v2\/media\/2500"}],"wp:attachment":[{"href":"https:\/\/dniotwarte.uwb.edu.pl\/index.php?rest_route=%2Fwp%2Fv2%2Fmedia&parent=2506"}],"wp:term":[{"taxonomy":"category","embeddable":true,"href":"https:\/\/dniotwarte.uwb.edu.pl\/index.php?rest_route=%2Fwp%2Fv2%2Fcategories&post=2506"},{"taxonomy":"post_tag","embeddable":true,"href":"https:\/\/dniotwarte.uwb.edu.pl\/index.php?rest_route=%2Fwp%2Fv2%2Ftags&post=2506"}],"curies":[{"name":"wp","href":"https:\/\/api.w.org\/{rel}","templated":true}]}}