{"id":3107,"date":"2023-03-10T09:22:55","date_gmt":"2023-03-10T08:22:55","guid":{"rendered":"http:\/\/dniotwarte.uwb.edu.pl\/?page_id=3107"},"modified":"2025-02-17T14:15:22","modified_gmt":"2025-02-17T13:15:22","slug":"biblioteka-uniwersytecka","status":"publish","type":"page","link":"https:\/\/dniotwarte.uwb.edu.pl\/?page_id=3107","title":{"rendered":"Biblioteka Uniwersytecka"},"content":{"rendered":"<p><a href=\"https:\/\/biblioteka.uwb.edu.pl\/\"><img data-recalc-dims=\"1\" fetchpriority=\"high\" decoding=\"async\" data-attachment-id=\"3631\" data-permalink=\"https:\/\/dniotwarte.uwb.edu.pl\/?attachment_id=3631\" data-orig-file=\"https:\/\/i0.wp.com\/dniotwarte.uwb.edu.pl\/wp-content\/uploads\/2024\/03\/biblioteka-uwb.png?fit=376%2C374&amp;ssl=1\" data-orig-size=\"376,374\" data-comments-opened=\"0\" data-image-meta=\"{&quot;aperture&quot;:&quot;0&quot;,&quot;credit&quot;:&quot;&quot;,&quot;camera&quot;:&quot;&quot;,&quot;caption&quot;:&quot;&quot;,&quot;created_timestamp&quot;:&quot;0&quot;,&quot;copyright&quot;:&quot;&quot;,&quot;focal_length&quot;:&quot;0&quot;,&quot;iso&quot;:&quot;0&quot;,&quot;shutter_speed&quot;:&quot;0&quot;,&quot;title&quot;:&quot;&quot;,&quot;orientation&quot;:&quot;0&quot;}\" data-image-title=\"biblioteka uwb\" data-image-description=\"\" data-image-caption=\"\" data-medium-file=\"https:\/\/i0.wp.com\/dniotwarte.uwb.edu.pl\/wp-content\/uploads\/2024\/03\/biblioteka-uwb.png?fit=300%2C298&amp;ssl=1\" data-large-file=\"https:\/\/i0.wp.com\/dniotwarte.uwb.edu.pl\/wp-content\/uploads\/2024\/03\/biblioteka-uwb.png?fit=376%2C374&amp;ssl=1\" class=\"aligncenter wp-image-3631 size-full\" src=\"https:\/\/i0.wp.com\/dniotwarte.uwb.edu.pl\/wp-content\/uploads\/2024\/03\/biblioteka-uwb.png?resize=376%2C374\" alt=\"\" width=\"376\" height=\"374\" srcset=\"https:\/\/i0.wp.com\/dniotwarte.uwb.edu.pl\/wp-content\/uploads\/2024\/03\/biblioteka-uwb.png?w=376&amp;ssl=1 376w, https:\/\/i0.wp.com\/dniotwarte.uwb.edu.pl\/wp-content\/uploads\/2024\/03\/biblioteka-uwb.png?resize=300%2C298&amp;ssl=1 300w, https:\/\/i0.wp.com\/dniotwarte.uwb.edu.pl\/wp-content\/uploads\/2024\/03\/biblioteka-uwb.png?resize=150%2C150&amp;ssl=1 150w, https:\/\/i0.wp.com\/dniotwarte.uwb.edu.pl\/wp-content\/uploads\/2024\/03\/biblioteka-uwb.png?resize=128%2C128&amp;ssl=1 128w, https:\/\/i0.wp.com\/dniotwarte.uwb.edu.pl\/wp-content\/uploads\/2024\/03\/biblioteka-uwb.png?resize=32%2C32&amp;ssl=1 32w, https:\/\/i0.wp.com\/dniotwarte.uwb.edu.pl\/wp-content\/uploads\/2024\/03\/biblioteka-uwb.png?resize=100%2C100&amp;ssl=1 100w\" sizes=\"(max-width: 376px) 100vw, 376px\" \/><\/a><\/p>\n<div class=\"em em-view-container\" id=\"em-view-1894884867\" data-view=\"list\">\r\n\t<div class=\"em pixelbones em-list em-events-list\" id=\"em-events-list-1894884867\" data-view-id=\"1894884867\">\r\n\t<table class=\"events-table\" >\r\n    <thead>\r\n        <tr>\r\n\t\t\t<th class=\"event-date\" scope=\"col\">Data<\/th>\r\n\t\t\t<th class=\"event-time\" scope=\"col\">Godzina<\/th>\r\n\t\t\t<th class=\"event-description\" scope=\"col\">Wydarzenie<\/th>\r\n\t\t<\/tr>\r\n   \t<\/thead>\r\n    <tbody><tr>\r\n\t\t\t<td width=\"9%\">\r\n                czwartek 13-03-2025  \r\n\t\t\t<\/td><td width=\"15%\"style=\"background-color:lightgrey;\">\r\n                11:00 - 12:00\r\n            <\/td>\r\n            <td>\r\n                <a href=\"https:\/\/dniotwarte.uwb.edu.pl\/?event=o-przeszlosci-dzielnicy-piaski\">O przesz\u0142o\u015bci dzielnicy Piaski<\/a>\r\n                <br\/><i>Biblioteka Uniwersytecka im. Jerzego Giedroycia, Bialystok <\/i>\r\n<span style=\"color: #ff0000;\"><strong>BRAK MIEJSC<\/strong><\/span> \r\n            <\/td>\r\n        <\/tr>\r\n<tr style =\"font-size: 4px;\">\r\n<td bgcolor=\"#559F77\" >\u00a0<\/td><td bgcolor=\"#559F77\">\u00a0<\/td><td bgcolor=\"#559F77\">\u00a0<\/td>\r\n<\/tr><tr>\r\n\t\t\t<td width=\"9%\">\r\n                czwartek 13-03-2025  \r\n\t\t\t<\/td><td width=\"15%\"style=\"background-color:lightgrey;\">\r\n                12:00 - 12:40\r\n            <\/td>\r\n            <td>\r\n                <a href=\"https:\/\/dniotwarte.uwb.edu.pl\/?event=sekrety-pentagonu-zwiedzamy-biblioteke-uniwersytecka\">Sekrety Pentagonu -  zwiedzamy Bibliotek\u0119 Uniwersyteck\u0105<\/a>\r\n                <br\/><i>Biblioteka Uniwersytecka im. Jerzego Giedroycia, Bialystok <\/i>\r\n\r\n            <\/td>\r\n        <\/tr>\r\n<tr style =\"font-size: 4px;\">\r\n<td bgcolor=\"#559F77\" >\u00a0<\/td><td bgcolor=\"#559F77\">\u00a0<\/td><td bgcolor=\"#559F77\">\u00a0<\/td>\r\n<\/tr><tr>\r\n\t\t\t<td width=\"9%\">\r\n                pi\u0105tek 14-03-2025  \r\n\t\t\t<\/td><td width=\"15%\"style=\"background-color:lightgrey;\">\r\n                11:00 - 12:00\r\n            <\/td>\r\n            <td>\r\n                <a href=\"https:\/\/dniotwarte.uwb.edu.pl\/?event=sekrety-pentagonu-zwiedzamy-biblioteke-uniwersytecka-3\">Papierowe kwiaty \u2013 powitanie wiosny na  warsztatach  book-foldingu<\/a>\r\n                <br\/><i>Biblioteka Uniwersytecka im. Jerzego Giedroycia, Bialystok <\/i>\r\n<span style=\"color: #ff0000;\"><strong>BRAK MIEJSC<\/strong><\/span> \r\n            <\/td>\r\n        <\/tr>\r\n<tr style =\"font-size: 4px;\">\r\n<td bgcolor=\"#559F77\" >\u00a0<\/td><td bgcolor=\"#559F77\">\u00a0<\/td><td bgcolor=\"#559F77\">\u00a0<\/td>\r\n<\/tr><tr>\r\n\t\t\t<td width=\"9%\">\r\n                pi\u0105tek 14-03-2025  \r\n\t\t\t<\/td><td width=\"15%\"style=\"background-color:lightgrey;\">\r\n                12:00 - 12:40\r\n            <\/td>\r\n            <td>\r\n                <a href=\"https:\/\/dniotwarte.uwb.edu.pl\/?event=sekrety-pentagonu-zwiedzamy-biblioteke-uniwersytecka-2\">Sekrety Pentagonu -  zwiedzamy Bibliotek\u0119 Uniwersyteck\u0105<\/a>\r\n                <br\/><i>Biblioteka Uniwersytecka im. Jerzego Giedroycia, Bialystok <\/i>\r\n\r\n            <\/td>\r\n        <\/tr>\r\n<tr style =\"font-size: 4px;\">\r\n<td bgcolor=\"#559F77\" >\u00a0<\/td><td bgcolor=\"#559F77\">\u00a0<\/td><td bgcolor=\"#559F77\">\u00a0<\/td>\r\n<\/tr><tr>\r\n\t\t\t<td width=\"9%\">\r\n                sobota 15-03-2025  \r\n\t\t\t<\/td><td width=\"15%\"style=\"background-color:lightgrey;\">\r\n                10:00 - 14:00\r\n            <\/td>\r\n            <td>\r\n                <a href=\"https:\/\/dniotwarte.uwb.edu.pl\/?event=papierowe-kwiaty-powitanie-wiosny-na-warsztatach-book-foldingu\">Papierowe kwiaty \u2013 powitanie wiosny na warsztatach book-foldingu<\/a>\r\n                <br\/><i>Wydzia\u0142 Chemii, Uniwersytet w Bia\u0142ymstoku, Bia\u0142ystok <\/i>\r\n\r\n            <\/td>\r\n        <\/tr>\r\n<tr style =\"font-size: 4px;\">\r\n<td bgcolor=\"#559F77\" >\u00a0<\/td><td bgcolor=\"#559F77\">\u00a0<\/td><td bgcolor=\"#559F77\">\u00a0<\/td>\r\n<\/tr><\/tbody><\/table>\t<\/div>\r\n<\/div>\n","protected":false},"excerpt":{"rendered":"","protected":false},"author":3,"featured_media":0,"parent":0,"menu_order":0,"comment_status":"closed","ping_status":"closed","template":"","meta":{"ngg_post_thumbnail":0,"jetpack_post_was_ever_published":false,"footnotes":""},"categories":[],"tags":[],"class_list":["post-3107","page","type-page","status-publish","hentry"],"jetpack_sharing_enabled":true,"jetpack_shortlink":"https:\/\/wp.me\/P9I97i-O7","jetpack_likes_enabled":true,"jetpack-related-posts":[],"_links":{"self":[{"href":"https:\/\/dniotwarte.uwb.edu.pl\/index.php?rest_route=\/wp\/v2\/pages\/3107","targetHints":{"allow":["GET"]}}],"collection":[{"href":"https:\/\/dniotwarte.uwb.edu.pl\/index.php?rest_route=\/wp\/v2\/pages"}],"about":[{"href":"https:\/\/dniotwarte.uwb.edu.pl\/index.php?rest_route=\/wp\/v2\/types\/page"}],"author":[{"embeddable":true,"href":"https:\/\/dniotwarte.uwb.edu.pl\/index.php?rest_route=\/wp\/v2\/users\/3"}],"replies":[{"embeddable":true,"href":"https:\/\/dniotwarte.uwb.edu.pl\/index.php?rest_route=%2Fwp%2Fv2%2Fcomments&post=3107"}],"version-history":[{"count":5,"href":"https:\/\/dniotwarte.uwb.edu.pl\/index.php?rest_route=\/wp\/v2\/pages\/3107\/revisions"}],"predecessor-version":[{"id":3721,"href":"https:\/\/dniotwarte.uwb.edu.pl\/index.php?rest_route=\/wp\/v2\/pages\/3107\/revisions\/3721"}],"wp:attachment":[{"href":"https:\/\/dniotwarte.uwb.edu.pl\/index.php?rest_route=%2Fwp%2Fv2%2Fmedia&parent=3107"}],"wp:term":[{"taxonomy":"category","embeddable":true,"href":"https:\/\/dniotwarte.uwb.edu.pl\/index.php?rest_route=%2Fwp%2Fv2%2Fcategories&post=3107"},{"taxonomy":"post_tag","embeddable":true,"href":"https:\/\/dniotwarte.uwb.edu.pl\/index.php?rest_route=%2Fwp%2Fv2%2Ftags&post=3107"}],"curies":[{"name":"wp","href":"https:\/\/api.w.org\/{rel}","templated":true}]}}