{"id":3169,"date":"2023-03-14T08:36:19","date_gmt":"2023-03-14T07:36:19","guid":{"rendered":"https:\/\/dniotwarte.uwb.edu.pl\/?page_id=3169"},"modified":"2023-03-14T09:07:15","modified_gmt":"2023-03-14T08:07:15","slug":"impreza-magnetyczna-2","status":"publish","type":"page","link":"https:\/\/dniotwarte.uwb.edu.pl\/?page_id=3169","title":{"rendered":"Jest idealnie-czyli o rzeczach zbyt dobrych by by\u0142y  prawdziwe."},"content":{"rendered":"<p><strong><em>Jest idealnie-czyli o rzeczach zbyt dobrych by by\u0142y prawdziwe.<\/em><\/strong><\/p>\n<p><em>dr. Marcin Makowski<br \/>\n<\/em><\/p>\n<div style=\"width: 525px;\" class=\"wp-video\"><video class=\"wp-video-shortcode\" id=\"video-3169-1\" width=\"525\" height=\"295\" preload=\"metadata\" controls=\"controls\"><source type=\"video\/mp4\" src=\"https:\/\/physics.uwb.edu.pl\/data_\/WXGJ5899.MP4?_=1\" \/><a href=\"https:\/\/physics.uwb.edu.pl\/data_\/WXGJ5899.MP4\">https:\/\/physics.uwb.edu.pl\/data_\/WXGJ5899.MP4<\/a><\/video><\/div>\n<p>Mini wyk\u0142ad po\u015bwi\u0119cony b\u0119dzie temu co nazywane jest \u201eparadoksem jednomy\u015blno\u015bci\u201d \u2014 sytuacjom, w kt\u00f3rych jednomy\u015blno\u015b\u0107 w\u015br\u00f3d obserwator\u00f3w lub decydent\u00f3w wskazuje na wyst\u0105pienie systematycznego b\u0142\u0119du lub innego niepowodzenia odpowiedzialnego za wynik. Tym samym nadmierna zgodno\u015b\u0107 rezultat\u00f3w, pod pewnymi warunkami mo\u017ce by\u0107 argumentem \u015bwiadcz\u0105cym przeciwko temu, co staramy si\u0119 udowodni\u0107. Podamy przyk\u0142ad matematycznego modelu takiego problemu.<\/p>\n","protected":false},"excerpt":{"rendered":"<p>Jest idealnie-czyli o rzeczach zbyt dobrych by by\u0142y prawdziwe. dr. Marcin Makowski Mini wyk\u0142ad po\u015bwi\u0119cony b\u0119dzie temu co nazywane jest \u201eparadoksem jednomy\u015blno\u015bci\u201d \u2014 sytuacjom, w kt\u00f3rych jednomy\u015blno\u015b\u0107 w\u015br\u00f3d obserwator\u00f3w lub decydent\u00f3w wskazuje na wyst\u0105pienie systematycznego b\u0142\u0119du lub innego niepowodzenia odpowiedzialnego za wynik. Tym samym nadmierna zgodno\u015b\u0107 rezultat\u00f3w, pod pewnymi warunkami mo\u017ce by\u0107 argumentem \u015bwiadcz\u0105cym przeciwko &hellip; <\/p>\n<p class=\"link-more\"><a href=\"https:\/\/dniotwarte.uwb.edu.pl\/?page_id=3169\" class=\"more-link\">Czytaj dalej<span class=\"screen-reader-text\"> \u201eJest idealnie-czyli o rzeczach zbyt dobrych by by\u0142y  prawdziwe.\u201d<\/span><\/a><\/p>\n","protected":false},"author":1,"featured_media":2826,"parent":3174,"menu_order":0,"comment_status":"closed","ping_status":"closed","template":"","meta":{"ngg_post_thumbnail":0,"jetpack_post_was_ever_published":false,"footnotes":""},"categories":[65,8],"tags":[],"class_list":["post-3169","page","type-page","status-publish","has-post-thumbnail","hentry","category-fizyka-nagrania-video","category-strony-fizyka"],"jetpack_sharing_enabled":true,"jetpack_shortlink":"https:\/\/wp.me\/P9I97i-P7","jetpack_likes_enabled":true,"jetpack-related-posts":[],"_links":{"self":[{"href":"https:\/\/dniotwarte.uwb.edu.pl\/index.php?rest_route=\/wp\/v2\/pages\/3169","targetHints":{"allow":["GET"]}}],"collection":[{"href":"https:\/\/dniotwarte.uwb.edu.pl\/index.php?rest_route=\/wp\/v2\/pages"}],"about":[{"href":"https:\/\/dniotwarte.uwb.edu.pl\/index.php?rest_route=\/wp\/v2\/types\/page"}],"author":[{"embeddable":true,"href":"https:\/\/dniotwarte.uwb.edu.pl\/index.php?rest_route=\/wp\/v2\/users\/1"}],"replies":[{"embeddable":true,"href":"https:\/\/dniotwarte.uwb.edu.pl\/index.php?rest_route=%2Fwp%2Fv2%2Fcomments&post=3169"}],"version-history":[{"count":3,"href":"https:\/\/dniotwarte.uwb.edu.pl\/index.php?rest_route=\/wp\/v2\/pages\/3169\/revisions"}],"predecessor-version":[{"id":3187,"href":"https:\/\/dniotwarte.uwb.edu.pl\/index.php?rest_route=\/wp\/v2\/pages\/3169\/revisions\/3187"}],"up":[{"embeddable":true,"href":"https:\/\/dniotwarte.uwb.edu.pl\/index.php?rest_route=\/wp\/v2\/pages\/3174"}],"wp:featuredmedia":[{"embeddable":true,"href":"https:\/\/dniotwarte.uwb.edu.pl\/index.php?rest_route=\/wp\/v2\/media\/2826"}],"wp:attachment":[{"href":"https:\/\/dniotwarte.uwb.edu.pl\/index.php?rest_route=%2Fwp%2Fv2%2Fmedia&parent=3169"}],"wp:term":[{"taxonomy":"category","embeddable":true,"href":"https:\/\/dniotwarte.uwb.edu.pl\/index.php?rest_route=%2Fwp%2Fv2%2Fcategories&post=3169"},{"taxonomy":"post_tag","embeddable":true,"href":"https:\/\/dniotwarte.uwb.edu.pl\/index.php?rest_route=%2Fwp%2Fv2%2Ftags&post=3169"}],"curies":[{"name":"wp","href":"https:\/\/api.w.org\/{rel}","templated":true}]}}