{"id":3314,"date":"2023-03-17T17:47:57","date_gmt":"2023-03-17T16:47:57","guid":{"rendered":"http:\/\/dniotwarte.uwb.edu.pl\/?page_id=3314"},"modified":"2025-03-03T12:13:26","modified_gmt":"2025-03-03T11:13:26","slug":"show","status":"publish","type":"page","link":"https:\/\/dniotwarte.uwb.edu.pl\/?page_id=3314","title":{"rendered":"Chemiczne SHOW"},"content":{"rendered":"<p style=\"text-align: center;\"><strong>Zapraszamy do rejestracji na nast\u0119puj\u0105ce laboratoria\/warsztaty!<\/strong><\/p>\n<p style=\"text-align: center;\"><strong>Ka\u017cdy uczestnik\/opiekun ma obowi\u0105zek zapozna\u0107 si\u0119 z <a href=\"http:\/\/dniotwarte.uwb.edu.pl\/wp-content\/uploads\/2025\/02\/regulamin_pokazow_i_warsztatow_laboratoryjnych_na_wydziale_chemii_uwb.pdf\">REGULAMINEM POKAZ\u00d3W I WARSZTAT\u00d3W LABORATORYJNYCH ORGANIZOWANYCH NA WYDZIALE CHEMII UwB.<\/a><\/strong><\/p>\n<p style=\"text-align: center;\"><strong><span style=\"color: #ff0000; font-size: 18pt;\">Rejestracja od 3 marca 2025&nbsp;<\/span><\/strong><\/p>\n<p style=\"text-align: center;\"><strong><span style=\"color: #ff0000; font-size: 18pt;\">Poniedzia\u0142ek \u2013 Pi\u0105tek w godz. 8-14, <\/span><\/strong><\/p>\n<p style=\"text-align: center;\"><strong><span style=\"color: #ff0000; font-size: 18pt;\">tel. <\/span><\/strong><strong style=\"font-size: 1rem;\"><span style=\"color: #ff0000; font-size: 18pt;\">85 738-80-95 lub 85 738-80-96<\/span><\/strong><\/p>\n<p style=\"text-align: center;\"><strong><span style=\"color: #993366;\"><a style=\"color: #993366;\" href=\"http:\/\/dniotwarte.uwb.edu.pl\/wp-content\/uploads\/2025\/02\/Harmonogram-SzN-2025-Piatek-14-marca-Chemia.pdf\">Harmonogram Pi\u0105tek 14 marca 2025<\/a><\/span><\/strong><\/p>\n<p style=\"text-align: center;\"><strong><a href=\"http:\/\/dniotwarte.uwb.edu.pl\/wp-content\/uploads\/2025\/02\/Harmonogram-SzN-2025-Sobota-15-marca-Chemia.pdf\">Harmonogram Sobota 15 marca 2025<\/a><\/strong><\/p>\n<div class=\"em em-view-container\" id=\"em-view-405779222\" data-view=\"list\">\r\n\t<div class=\"em pixelbones em-list em-events-list\" id=\"em-events-list-405779222\" data-view-id=\"405779222\">\r\n\t<table class=\"events-table\" >\r\n    <thead>\r\n        <tr>\r\n\t\t\t<th class=\"event-date\" scope=\"col\">Data<\/th>\r\n\t\t\t<th class=\"event-time\" scope=\"col\">Godzina<\/th>\r\n\t\t\t<th class=\"event-description\" scope=\"col\">Wydarzenie<\/th>\r\n\t\t<\/tr>\r\n   \t<\/thead>\r\n    <tbody><tr>\r\n\t\t\t<td width=\"9%\">\r\n                sobota 15-03-2025  \r\n\t\t\t<\/td><td width=\"15%\"style=\"background-color:lightgrey;\">\r\n                10:00 - 10:30\r\n            <\/td>\r\n            <td>\r\n                <a href=\"https:\/\/dniotwarte.uwb.edu.pl\/?event=chemiczna-niespodzianka-4\">Shrekowe Show Chemiczne, czyli b\u0142oto, smoki i eliksiry<\/a>\r\n                <br\/><i>Wydzia\u0142 Chemii, Uniwersytet w Bia\u0142ymstoku, Bia\u0142ystok <\/i>\r\n<span style=\"color: #ff0000;\"><strong>BRAK MIEJSC<\/strong><\/span> \r\n            <\/td>\r\n        <\/tr>\r\n<tr style =\"font-size: 4px;\">\r\n<td bgcolor=\"#559F77\" >\u00a0<\/td><td bgcolor=\"#559F77\">\u00a0<\/td><td bgcolor=\"#559F77\">\u00a0<\/td>\r\n<\/tr><tr>\r\n\t\t\t<td width=\"9%\">\r\n                sobota 15-03-2025  \r\n\t\t\t<\/td><td width=\"15%\"style=\"background-color:lightgrey;\">\r\n                11:00 - 11:30\r\n            <\/td>\r\n            <td>\r\n                <a href=\"https:\/\/dniotwarte.uwb.edu.pl\/?event=shrekowe-show-chemiczne-czyli-bloto-smoki-i-eliksiry\">Shrekowe Show Chemiczne, czyli b\u0142oto, smoki i eliksiry<\/a>\r\n                <br\/><i>Wydzia\u0142 Chemii, Uniwersytet w Bia\u0142ymstoku, Bia\u0142ystok <\/i>\r\n<span style=\"color: #ff0000;\"><strong>BRAK MIEJSC<\/strong><\/span> \r\n            <\/td>\r\n        <\/tr>\r\n<tr style =\"font-size: 4px;\">\r\n<td bgcolor=\"#559F77\" >\u00a0<\/td><td bgcolor=\"#559F77\">\u00a0<\/td><td bgcolor=\"#559F77\">\u00a0<\/td>\r\n<\/tr><tr>\r\n\t\t\t<td width=\"9%\">\r\n                sobota 15-03-2025  \r\n\t\t\t<\/td><td width=\"15%\"style=\"background-color:lightgrey;\">\r\n                12:00 - 12:30\r\n            <\/td>\r\n            <td>\r\n                <a href=\"https:\/\/dniotwarte.uwb.edu.pl\/?event=shrekowe-show-chemiczne-czyli-bloto-smoki-i-eliksiry-2\">Shrekowe Show Chemiczne, czyli b\u0142oto, smoki i eliksiry<\/a>\r\n                <br\/><i>Wydzia\u0142 Chemii, Uniwersytet w Bia\u0142ymstoku, Bia\u0142ystok <\/i>\r\n<span style=\"color: #ff0000;\"><strong>BRAK MIEJSC<\/strong><\/span> \r\n            <\/td>\r\n        <\/tr>\r\n<tr style =\"font-size: 4px;\">\r\n<td bgcolor=\"#559F77\" >\u00a0<\/td><td bgcolor=\"#559F77\">\u00a0<\/td><td bgcolor=\"#559F77\">\u00a0<\/td>\r\n<\/tr><tr>\r\n\t\t\t<td width=\"9%\">\r\n                sobota 15-03-2025  \r\n\t\t\t<\/td><td width=\"15%\"style=\"background-color:lightgrey;\">\r\n                13:00 - 13:30\r\n            <\/td>\r\n            <td>\r\n                <a href=\"https:\/\/dniotwarte.uwb.edu.pl\/?event=shrekowe-show-chemiczne-czyli-bloto-smoki-i-eliksiry-3\">Shrekowe Show Chemiczne, czyli b\u0142oto, smoki i eliksiry<\/a>\r\n                <br\/><i>Wydzia\u0142 Chemii, Uniwersytet w Bia\u0142ymstoku, Bia\u0142ystok <\/i>\r\n<span style=\"color: #ff0000;\"><strong>BRAK MIEJSC<\/strong><\/span> \r\n            <\/td>\r\n        <\/tr>\r\n<tr style =\"font-size: 4px;\">\r\n<td bgcolor=\"#559F77\" >\u00a0<\/td><td bgcolor=\"#559F77\">\u00a0<\/td><td bgcolor=\"#559F77\">\u00a0<\/td>\r\n<\/tr><\/tbody><\/table>\t<\/div>\r\n<\/div>\n","protected":false},"excerpt":{"rendered":"<p>Zapraszamy do rejestracji na nast\u0119puj\u0105ce laboratoria\/warsztaty! Ka\u017cdy uczestnik\/opiekun ma obowi\u0105zek zapozna\u0107 si\u0119 z REGULAMINEM POKAZ\u00d3W I WARSZTAT\u00d3W LABORATORYJNYCH ORGANIZOWANYCH NA WYDZIALE CHEMII UwB. Rejestracja od 3 marca 2025&nbsp; Poniedzia\u0142ek \u2013 Pi\u0105tek w godz. 8-14, tel. 85 738-80-95 lub 85 738-80-96 Harmonogram Pi\u0105tek 14 marca 2025 Harmonogram Sobota 15 marca 2025<\/p>\n","protected":false},"author":3,"featured_media":0,"parent":0,"menu_order":0,"comment_status":"closed","ping_status":"closed","template":"","meta":{"ngg_post_thumbnail":0,"jetpack_post_was_ever_published":false,"footnotes":""},"categories":[],"tags":[],"class_list":["post-3314","page","type-page","status-publish","hentry"],"jetpack_sharing_enabled":true,"jetpack_shortlink":"https:\/\/wp.me\/P9I97i-Rs","jetpack_likes_enabled":true,"jetpack-related-posts":[],"_links":{"self":[{"href":"https:\/\/dniotwarte.uwb.edu.pl\/index.php?rest_route=\/wp\/v2\/pages\/3314","targetHints":{"allow":["GET"]}}],"collection":[{"href":"https:\/\/dniotwarte.uwb.edu.pl\/index.php?rest_route=\/wp\/v2\/pages"}],"about":[{"href":"https:\/\/dniotwarte.uwb.edu.pl\/index.php?rest_route=\/wp\/v2\/types\/page"}],"author":[{"embeddable":true,"href":"https:\/\/dniotwarte.uwb.edu.pl\/index.php?rest_route=\/wp\/v2\/users\/3"}],"replies":[{"embeddable":true,"href":"https:\/\/dniotwarte.uwb.edu.pl\/index.php?rest_route=%2Fwp%2Fv2%2Fcomments&post=3314"}],"version-history":[{"count":11,"href":"https:\/\/dniotwarte.uwb.edu.pl\/index.php?rest_route=\/wp\/v2\/pages\/3314\/revisions"}],"predecessor-version":[{"id":3916,"href":"https:\/\/dniotwarte.uwb.edu.pl\/index.php?rest_route=\/wp\/v2\/pages\/3314\/revisions\/3916"}],"wp:attachment":[{"href":"https:\/\/dniotwarte.uwb.edu.pl\/index.php?rest_route=%2Fwp%2Fv2%2Fmedia&parent=3314"}],"wp:term":[{"taxonomy":"category","embeddable":true,"href":"https:\/\/dniotwarte.uwb.edu.pl\/index.php?rest_route=%2Fwp%2Fv2%2Fcategories&post=3314"},{"taxonomy":"post_tag","embeddable":true,"href":"https:\/\/dniotwarte.uwb.edu.pl\/index.php?rest_route=%2Fwp%2Fv2%2Ftags&post=3314"}],"curies":[{"name":"wp","href":"https:\/\/api.w.org\/{rel}","templated":true}]}}